Let n(s) = -s**3 + 10*s**2 - 12. Calculate n(10).
-12
Let n(t) = 2*t**2 + 13*t + 4. What is n(-6)?
-2
Let v(s) = -21*s + 236. Calculate v(9).
47
Let k(j) = j**3 + 19*j**2 + 49*j + 10. Determine k(-16).
-6
Let n(f) = -f**3 + 10*f**2 - 10*f + 5. What is n(9)?
-4
Let t(m) = 49*m + 64. Give t(-2).
-34
Let l(w) = -7*w + 17. Determine l(5).
-18
Let p(z) = z**3 - 5*z**2 - 2*z + 8. Give p(4).
-16
Let h(x) = -5*x**2 - 78*x + 114. What is h(-17)?
-5
Let a(y) = -y**3 - 8*y**2 + 7*y + 4. Determine a(-8).
-52
Let y(o) = -o + 29. Determine y(4).
25
Let z(r) = r**3 + 8*r**2 + 6*r - 18. Give z(-6).
18
Let v(m) = -2*m**2 - 3*m + 16. What is v(-10)?
-154
Let n(a) = 8*a + 4. Give n(6).
52
Let w(d) = 2*d + 11. What is w(-5)?
1
Let y(m) = 25*m - 10. What is y(-6)?
-160
Let d(p) = -14*p + 25. What is d(4)?
-31
Let t(r) = 2*r**2 - 35*r - 18. What is t(18)?
0
Let w(s) = s - 23. Determine w(15).
-8
Let i(u) = u**2 + 11*u - 6. Calculate i(-11).
-6
Let q(n) = -n**2 - 15*n + 30. Calculate q(-16).
14
Let i(j) = 2*j**2 - 5*j - 12. Determine i(7).
51
Let b(t) = -t**2 - 11*t - 10. Give b(-9).
8
Let v(p) = -p - 4. Calculate v(-5).
1
Let o(d) = -2*d**2 + 9*d + 12. Give o(5).
7
Let r(a) = -4*a - 22. Give r(-5).
-2
Let o(q) = q**2 + 27*q + 21. Calculate o(-24).
-51
Let w(i) = i**2 - 27*i + 83. Calculate w(24).
11
Let q(u) = -u - 19. What is q(-9)?
-10
Let v(u) = u + 9. Give v(10).
19
Let m(n) = 4*n - 8. Give m(-6).
-32
Let t(j) = -2*j - 16. Calculate t(-6).
-4
Let n(x) = x**3 - 9*x**2 - 9*x + 1. What is n(-1)?
0
Let i(l) = 5*l - 9. Determine i(4).
11
Let n(i) = i + 30. Calculate n(-5).
25
Let t(o) = -15*o - 167. Give t(-12).
13
Let c(h) = h**3 - 4*h**2 + 5*h - 6. Give c(3).
0
Let o(k) = k + 27. What is o(0)?
27
Let g(v) = -11*v + 21. Calculate g(1).
10
Let u(j) = -j + 26. Determine u(28).
-2
Let j(d) = 14*d**3 - 2*d - 1. Determine j(-1).
-13
Let m(x) = x - 17. Calculate m(17).
0
Let j(f) = f**2 - 11*f + 2. Calculate j(12).
14
Let m(x) = -10*x**2 + 286*x + 118. Give m(29).
2
Let t(m) = 24*m + 842. Calculate t(-35).
2
Let n(o) = -7*o - 20. What is n(-9)?
43
Let t(a) = -2*a**3 - 17*a**2 - 19*a. What is t(-7)?
-14
Let d(n) = 4*n**2 + 6*n - 1. What is d(-3)?
17
Let p(u) = -u**3 - 27*u**2 - 20*u + 142. Calculate p(-26).
-14
Let w(p) = p**3 + 5*p**2 - 12. Determine w(-3).
6
Let m(y) = 13*y - 9. Give m(1).
4
Let z(o) = o**3 - 4*o**2 - 6*o - 4. Determine z(4).
-28
Let k(q) = q**3 - 6*q**2 - 8*q + 9. What is k(7)?
2
Let w(x) = x + 10. What is w(14)?
24
Let q(t) = 13*t**2 - 65*t + 2. Calculate q(5).
2
Let q(p) = -p**3 - 5*p**2 + 14*p + 48. Calculate q(-6).
0
Let h(j) = 16*j**2 - j. Calculate h(-1).
17
Let w(j) = -3*j**2 - 35*j - 11. Calculate w(-11).
11
Let k(z) = 7*z - 13. Calculate k(5).
22
Let j(v) = 2*v**3 - 4*v**2 - 6*v - 9. Give j(3).
-9
Let r(p) = 5*p - 33. Determine r(9).
12
Let q(w) = -7*w**2 - 10. What is q(-4)?
-122
Let y(m) = -2*m**2 + 10*m. Calculate y(5).
0
Let p(r) = r**2 + r - 47. What is p(-8)?
9
Let b(d) = 4*d**2 + 58*d + 19. Calculate b(-14).
-9
Let v(c) = 32*c - 284. Calculate v(8).
-28
Let m(y) = -y**3 - y**2 + 20*y + 1. Give m(4).
1
Let z(b) = -b**3 + 6*b**2 - 4*b + 8. Give z(5).
13
Let l(c) = -7*c**2 - 35*c + 6. What is l(-5)?
6
Let q(k) = 5*k**2 + 32*k - 2. What is q(-7)?
19
Let v(h) = h**2 + 27*h + 57. What is v(-26)?
31
Let r(n) = 3*n + 34. What is r(-11)?
1
Let r(u) = 8*u**2 + 14*u + 13. Give r(-1).
7
Let a(x) = -x**2 + 13*x + 29. Determine a(17).
-39
Let p(f) = f**3 - 4*f**2 - 5*f. Determine p(5).
0
Let s(o) = -o**2 + 5*o - 3. What is s(4)?
1
Let p(d) = -d**3 - 13*d**2 + 2*d + 19. Determine p(-13).
-7
Let l(s) = -s**3 - 25*s**2 + 25*s - 13. Determine l(-26).
13
Let v(p) = p**2 + 8*p + 8. What is v(-5)?
-7
Let b(y) = y**2 + 29*y + 90. What is b(-25)?
-10
Let c(g) = 34*g + 687. Give c(-20).
7
Let n(s) = 6*s**3 + 2. Give n(-1).
-4
Let m(l) = -3*l - 39. Determine m(-12).
-3
Let s(z) = z**2 - 2*z - 2. Determine s(-3).
13
Let d(a) = -a**3 + 8*a**2 + 10*a + 23. Give d(9).
32
Let g(q) = -q**3 + 19*q**2 - 35*q - 7. Give g(17).
-24
Let y(f) = -f**3 - 3*f**2 - 2*f + 1. Give y(-2).
1
Let u(v) = v**3 - 10*v**2 - 13*v + 21. Determine u(11).
-1
Let j(t) = t**3 + 35*t**2 + 36*t + 62. Give j(-34).
-6
Let b(z) = -z**2 - z + 15. Calculate b(0).
15
Let p(a) = -9*a**2 + 9*a + 23. What is p(-2)?
-31
Let w(a) = -a**3 + 8*a**2 - 15*a + 11. Determine w(6).
-7
Let n(f) = -6*f + 1. Give n(3).
-17
Let f(q) = q**2 - 21*q + 80. Give f(19).
42
Let i(o) = -o**2 - 22. What is i(-12)?
-166
Let r(x) = -x**3 - 10*x**2 + 4*x - 1. Determine r(-10).
-41
Let y(i) = 2*i**3 + i**2 + i + 3. What is y(-2)?
-11
Let p(n) = -n**2 + 5*n - 3. What is p(0)?
-3
Let m(l) = 44*l + 3. Calculate m(-2).
-85
Let g(a) = a**3 + 3*a**2 - a - 4. Calculate g(-3).
-1
Let l(j) = -j**3 - 27*j**2 - 29*j - 13. Give l(-26).
65
Let z(v) = -7*v - 86. Give z(-12).
-2
Let n(b) = 2*b**2 - 11*b + 4. What is n(7)?
25
Let z(c) = 21*c - 104. Calculate z(4).
-20
Let i(g) = -6*g + 6. What is i(6)?
-30
Let r(v) = -16*v + 5. Determine r(-4).
69
Let j(m) = -3*m + 12. Determine j(9).
-15
Let r(u) = u**3 - 9*u**2 - 11*u + 14. Calculate r(10).
4
Let g(q) = -22*q + 21. Calculate g(1).
-1
Let r(i) = i**2 + 22*i + 47. Calculate r(-16).
-49
Let f(c) = -14*c + 22. What is f(10)?
-118
Let r(k) = 6*k**2 + 3*k - 8. Determine r(5).
157
Let o(n) = -3*n**2 - 9*n - 8. What is o(-1)?
-2
Let n(v) = -v**3 - 8*v**2 + 4*v + 18. What is n(-8)?
-14
Let c(r) = -2*r + 5. What is c(-6)?
17
Let j(l) = 4*l**3 + l. What is j(0)?
0
Let o(p) = p**3 - 4*p**2 + 7. What is o(3)?
-2
Let f(a) = -a**2 - 12*a - 6. What is f(-6)?
30
Let q(r) = -r**3 + 4*r**2 - 4*r - 3. Determine q(4).
-19
Let i(y) = y + 14. Calculate i(-7).
7
Let f(h) = 6*h**3 + 29*h**2 - 6*h - 8. Give f(-5).
-3
Let b(h) = -2*h - 16. Give b(-17).
18
Let c(v) = -2*v**2 - 18*v - 21. What is c(-9)?
-21
Let p(o) = -o**3 + 6*o**2 - 6*o + 1. Determine p(4).
9
Let b(p) = p**3 + 17*p**2 - 14*p - 18. Calculate b(-18).
-90
Let z(c) = c**3 + c**2 + 3*c - 11. Give z(0).
-11
Let q(m) = -m**3 + 6*m**2 + 6*m + 16. Determine q(7).
9
Let x(k) = k**3 + 15*k**2 + 34*k + 106. Calculate x(-13).
2
Let b(x) = -x**2 - 6*x + 19. Determine b(-8).
3
Let f(x) = -5*x**2 - 3. Give f(5).
-128
Let c(o) = -10*o**2 + 3*o + 2. Calculate c(-2).
-44
Let n(i) = -8*i + 1. What is n(-2)?
17
Let y(u) = -2*u + 26. What is y(12)?
2
Let q(f) = -f + 17. What is q(-7)?
24
Let q(i) = 103*i. Calculate q(-1).
-103
Let f(o) = 15*o**3 + 2*o - 2. Give f(1).
15
Let j(r) = 29*r. Calculate j(-1).
-29
Let x(n) = -137*n + 683. Determine x(5).
-2
Let t(z) = z**2 - 3*z + 9. Calculate t(4).
13
Let c(x) = -3*x**3 + x**2 - 3*x + 6. What is c(2)?
-20
Let j(m) = m**3 - 9*m**2 - 56*m + 53. Give j(13).
1
Let g(y) = 4*y**2 - 22*y + 7. Determine g(4).
-17
Let u(m) = -20*m + 128. Determine u(6).
8
Let g(p) = 18*p**2 - 5*p - 1. Determine g(2).
61
Let u(p) = 7*p. Calculate u(-6).
-42
Let w(f) = -f**2 - 5*f - 16. Give w(-4).
-12
Let c(q) = -11*q**3 + 3*q**2 + 3*q - 5. Determine c(1).
-10
Let n(k) = -k**3 - k**2 + 8*k - 2. Determine n(4).
-50
Let v(y) = -y + 11. Calculate v(6).
5
Let u(q) = -2*q**3 - 3*q - 2. Determine u(2).
-24
Let v(j) = 13*j + 20. What is v(-5)?
-45
Let q(f) = -f**3 + 20*f**2 - 17*f - 42. Calculate q(19).
-4
Let r(t) = -5*t - 1. What is r(-1)?
4
Let u(b) = -b**2 + 6*b - 2. What is u(1)?
3
Let x(y) = -5*y**3 + y**2 + 6*y - 3. Calculate x(3).
-111
Let x(z) = -z**3 - z**2 - 2*z + 24. Give x(0).
24
Let r(i) = -i**3 + 14*i**2 + 4*i + 1. Give r(14).
57
Let t(k) = k**3 - 22*k**2 - 24*k + 41. Determine t(23).
18
Let j(a) = -a**2 - 6*a + 13. Give j(-6).
13
Let h(q) = q**2 + 3*q + 2. Calculate h(-2).
0
Let k(v) = 13*v + 27. Give k(-3).
-12
Let a(h) = h**2 + 4*h - 36. Give a(4).
-4
Let f(l) = -l**2 + 6*l + 2. What is f(5)?
7
Let t(j) = -j**2 + 6*j + 50. Calculate t(16).
-110
Let a(z) = -z**3 - 4*z**2 - z + 3. Give a(-2).
-3
Let b(v) = -2*v**2 + 4*v - 42. Give b(-7).
-168
Let r(p) = 4*p**2 + p + 5. Calculate r(3).
44
Let u(k) = 4*k + 5. Calculate u(0).
5
Let p(l) = l**2 - 23*l + 45. Give p(21).
3
Let k(u) = 9*u - 220. Give k(23).
-13
Let z(d) = 8*d - 12. Give z(2).
4
Let z(h) = -8*h**3 - h**2 + 3*h - 2. Calculate z(1).
-8
Let d(z) = z**3 - 6*z**2 - 28*z + 90. What is d(8)?
-6
Let a(s) = 5*s**2 + 4*s - 3. What is a(2)?
25
Let z(c) = 2*c**2 + 2*c - 7. Determine z(-5).
33
Le